{"id":373,"date":"2019-04-21T17:03:42","date_gmt":"2019-04-21T15:03:42","guid":{"rendered":"http:\/\/crechelespiouspious.fr\/?page_id=373"},"modified":"2026-04-24T10:48:28","modified_gmt":"2026-04-24T08:48:28","slug":"accueil","status":"publish","type":"page","link":"https:\/\/crechelespiouspious.fr\/","title":{"rendered":"Les Pious Pious"},"content":{"rendered":"\n<p><span style=\"color: #808080; font-family: verdana, geneva, sans-serif;\">Fond\u00e9e en 2003, la cr\u00e8che parentale Les Pious Pious est une structure d\u2019accueil d\u00e9di\u00e9e \u00e0 la Petite Enfance. <br \/>C\u2019est un lieu d\u2019apprentissage de la vie en collectivit\u00e9 pour l\u2019enfant, dans le respect de son rythme et de sa personnalit\u00e9.<br \/>C\u2019est aussi un lieu de d\u00e9couverte de la vie associative et d\u2019\u00e9changes entre les parents et les professionnel.le.s de la Petite Enfance.<\/span><\/p>\n<p><span style=\"font-family: trebuchet ms, geneva, sans-serif;\"><span style=\"color: #808080; font-family: verdana, geneva, sans-serif;\">Pour la rentr\u00e9e 2026, nous disposons, \u00e0 date du 24 avril 2026, de 3 places disponibles :<\/span><br \/><\/span><\/p>\n<ul>\n<li><span style=\"font-family: verdana, geneva, sans-serif;\">3 places pour des enfants n\u00e9\u00b7e\u00b7s en 2026<\/span><\/li>\n<\/ul>\n\n\n\n<p style=\"text-align: center;\"><img loading=\"lazy\" decoding=\"async\" class=\"aligncenter wp-image-21710\" src=\"http:\/\/crechelespiouspious.fr\/wp-content\/uploads\/Frise-2.png\" alt=\"\" width=\"699\" height=\"266\" srcset=\"https:\/\/crechelespiouspious.fr\/wp-content\/uploads\/Frise-2.png 820w, https:\/\/crechelespiouspious.fr\/wp-content\/uploads\/Frise-2-300x114.png 300w, https:\/\/crechelespiouspious.fr\/wp-content\/uploads\/Frise-2-768x292.png 768w, https:\/\/crechelespiouspious.fr\/wp-content\/uploads\/Frise-2-700x266.png 700w\" sizes=\"auto, (max-width: 699px) 100vw, 699px\" \/><\/p>\n<p>&nbsp;<\/p>\n\n\n","protected":false},"excerpt":{"rendered":"<p>Fond\u00e9e en 2003, la cr\u00e8che parentale Les Pious Pious est une structure d\u2019accueil d\u00e9di\u00e9e \u00e0 la Petite Enfance. C\u2019est un lieu d\u2019apprentissage de la vie en collectivit\u00e9 pour l\u2019enfant, dans le respect de son rythme et de sa personnalit\u00e9.C\u2019est aussi un lieu de d\u00e9couverte de la vie associative et d\u2019\u00e9changes entre les parents et les [&hellip;]<\/p>\n","protected":false},"author":6,"featured_media":0,"parent":0,"menu_order":1,"comment_status":"closed","ping_status":"closed","template":"","meta":{"footnotes":""},"class_list":["post-373","page","type-page","status-publish","hentry"],"_links":{"self":[{"href":"https:\/\/crechelespiouspious.fr\/index.php?rest_route=\/wp\/v2\/pages\/373","targetHints":{"allow":["GET"]}}],"collection":[{"href":"https:\/\/crechelespiouspious.fr\/index.php?rest_route=\/wp\/v2\/pages"}],"about":[{"href":"https:\/\/crechelespiouspious.fr\/index.php?rest_route=\/wp\/v2\/types\/page"}],"author":[{"embeddable":true,"href":"https:\/\/crechelespiouspious.fr\/index.php?rest_route=\/wp\/v2\/users\/6"}],"replies":[{"embeddable":true,"href":"https:\/\/crechelespiouspious.fr\/index.php?rest_route=%2Fwp%2Fv2%2Fcomments&post=373"}],"version-history":[{"count":240,"href":"https:\/\/crechelespiouspious.fr\/index.php?rest_route=\/wp\/v2\/pages\/373\/revisions"}],"predecessor-version":[{"id":22567,"href":"https:\/\/crechelespiouspious.fr\/index.php?rest_route=\/wp\/v2\/pages\/373\/revisions\/22567"}],"wp:attachment":[{"href":"https:\/\/crechelespiouspious.fr\/index.php?rest_route=%2Fwp%2Fv2%2Fmedia&parent=373"}],"curies":[{"name":"wp","href":"https:\/\/api.w.org\/{rel}","templated":true}]}}